{"id":1177,"date":"2017-12-11T08:30:12","date_gmt":"2017-12-11T07:30:12","guid":{"rendered":"https:\/\/www.naschomutov.cz\/naschomutov\/?page_id=1177"},"modified":"2025-02-25T13:55:26","modified_gmt":"2025-02-25T12:55:26","slug":"prihlasit-navrh","status":"publish","type":"page","link":"https:\/\/www.naschomutov.cz\/naschomutov\/prihlasit-navrh\/","title":{"rendered":"P\u0159ihl\u00e1sit n\u00e1vrh"},"content":{"rendered":"<div class=\"wpb-content-wrapper\"><p>[vc_row][vc_column width=&#8220;1\/2&#8243;][vc_column_text css=&#8220;&#8220;]P\u0159\u00edjem n\u00e1vrh\u016f ob\u010dan\u016f pro 6. ro\u010dn\u00edk projektu bude spu\u0161t\u011bn<strong> 3. \u00fanora 2025 <\/strong>a bude otev\u0159en do<strong> 16. b\u0159ezna 2025<\/strong>.<\/p>\n<p>&#8212;&#8212;&#8212;&#8212;&#8212;&#8212;&#8212;&#8212;&#8212;&#8212;&#8212;&#8212;&#8212;&#8212;&#8212;&#8212;&#8212;&#8212;&#8212;&#8212;&#8212;&#8212;&#8212;&#8212;-<\/p>\n<p>P\u0159edkl\u00e1dat projektov\u00fd n\u00e1vrh lze elektronicky i p\u00edsemn\u011b, je to na zv\u00e1\u017een\u00ed p\u0159edkladatele.<\/p>\n<p><strong>P\u00edsemn\u00e1 forma:<\/strong><br \/>\nVypln\u011bn\u00fd formul\u00e1\u0159 se odevzd\u00e1v\u00e1 na podateln\u011b Magistr\u00e1tu m\u011bsta Chomutova v\u00a0uzav\u0159en\u00e9 ob\u00e1lce ozna\u010den\u00e9 n\u00e1pisem <strong>\u201eSpole\u010dn\u011b tvo\u0159\u00edme Chomutov 2025\/2026\u201c<br \/>\n<\/strong>na adresu:<br \/>\n<strong>Magistr\u00e1t m\u011bsta Chomutova<\/strong><br \/>\n<strong> Odbor rozvoje a investic<\/strong><br \/>\nZborovsk\u00e1 4602<br \/>\n430 28 Chomutov<\/p>\n<p><strong>Elektronick\u00e1 forma:<\/strong><br \/>\nFormul\u00e1\u0159 je mo\u017en\u00e9 vyplnit online <a href=\"https:\/\/form.chomutov.cz\/aforms.php?action=fill&amp;id_form=29&amp;id_fldr=10\" target=\"_blank\" rel=\"noopener noreferrer\">zde<\/a> (bude spu\u0161t\u011bno 3. 2. 2025) nebo je mo\u017en\u00e9 si ho st\u00e1hnout ve form\u00e1tu Word <a href=\"https:\/\/www.naschomutov.cz\/naschomutov\/wp-content\/uploads\/2024\/12\/formular-2025-2026.docx\">formul\u00e1\u0159 2025-2026<\/a>\u00a0a odeslat na emailovou adresu: <a href=\"mailto:tvorime@naschomutov.cz\">tvorime@naschomutov.cz<\/a>.[\/vc_column_text][vc_btn title=&#8220;P\u0159ihl\u00e1sit on-line&#8220; style=&#8220;flat&#8220; shape=&#8220;round&#8220; color=&#8220;green&#8220; size=&#8220;lg&#8220; i_align=&#8220;right&#8220; i_icon_fontawesome=&#8220;fas fa-angle-right&#8220; css=&#8220;&#8220; add_icon=&#8220;true&#8220; link=&#8220;url:https%3A%2F%2Fform.chomutov.cz%2Faforms.php%3Faction%3Dfill%26amp%3Bid_form%3D29%26amp%3Bid_fldr%3D10|title:P%C5%99ihlaste%20n%C3%A1vrh%20On-line|target:_blank&#8220;][\/vc_column][vc_column width=&#8220;1\/2&#8243;][vc_column_text css=&#8220;&#8220;]<\/p>\n<div class=\"pageList\">\n<h2>P\u011bt jednoduch\u00fdch krok\u016f, jak podat n\u00e1vrh<\/h2>\n<ol class=\"listBeauty\">\n<li>D\u00edvejte se kolem sebe a n\u00e1pady na zlep\u0161en\u00ed sv\u00e9ho okol\u00ed prodiskutujte s p\u0159\u00e1teli, rodinou, sousedy, kolegy, \u2026<\/li>\n<li>Zjist\u011bte si vlastn\u00edka pozemku\/budovy, kter\u00e9 se V\u00e1\u0161 n\u00e1pad t\u00fdk\u00e1 &#8211; Pokud je vlastn\u00edkem statut\u00e1rn\u00ed m\u011bsto Chomutov, m\u016f\u017eete postupovat d\u00e1le.<\/li>\n<li>M\u00edsto nafo\u0165te, navrhn\u011bte nov\u00e1 \u0159e\u0161en\u00ed m\u00edsta, n\u00e1vrh \u0159e\u0161en\u00ed na\u010drtn\u011bte \u2013 inspirujte se v jin\u00fdch m\u011bstech.<\/li>\n<li>Zkuste odhadnout rozpo\u010det n\u00e1vrhu \u2013 v\u010detn\u011b p\u0159\u00edpravn\u00fdch prac\u00ed, projektov\u00e9 dokumentace a prac\u00ed s n\u00e1vrhem souvisej\u00edc\u00edch. Celkov\u00fd rozpo\u010det n\u00e1vrhu se mus\u00ed vej\u00edt <strong>do 200 000 K\u010d<\/strong> v\u010detn\u011b DPH nebo <strong>do 1 000 000 K\u010d<\/strong> v\u010detn\u011b DPH, z\u00e1le\u017e\u00ed jestli p\u0159ihla\u0161ujete n\u00e1vrh do <strong>mal\u00e9ho nebo do velk\u00e9ho participativn\u00edho rozpo\u010dtu<\/strong>. Pokud si nebudete v\u011bd\u011bt rady s odhadem rozpo\u010dtu, nic se ned\u011bje, n\u00e1vrh ur\u010dit\u011b v term\u00ednu podejte. Odhadem rozpo\u010dtu se pak budeme zab\u00fdvat p\u0159i hodnocen\u00ed n\u00e1vrh\u016f.<\/li>\n<li>Ve\u0161ker\u00e9 informace sepi\u0161te do formul\u00e1\u0159e a t\u00edm ofici\u00e1ln\u011b n\u00e1vrh pod\u00e1te ke zpracov\u00e1n\u00ed.<\/li>\n<\/ol>\n<\/div>\n<p>[\/vc_column_text][\/vc_column][\/vc_row][vc_row][vc_column][vc_column_text css=&#8220;&#8220;]Od 17. 3. do 30. 4. 2025 bude V\u00e1\u0161 n\u00e1vrh hodnocen odborn\u00fdm t\u00fdmem na m\u011bst\u011b, zda splnil v\u0161echny podm\u00ednky projektu a postoup\u00ed k hlasov\u00e1n\u00ed.[\/vc_column_text][\/vc_column][\/vc_row]<\/p>\n<\/div>","protected":false},"excerpt":{"rendered":"<p>[vc_row][vc_column width=&#8220;1\/2&#8243;][vc_column_text css=&#8220;&#8220;]P\u0159\u00edjem n\u00e1vrh\u016f ob\u010dan\u016f pro 6. ro\u010dn\u00edk projektu bude spu\u0161t\u011bn 3. \u00fanora 2025 a bude otev\u0159en do 16. b\u0159ezna [&hellip;]<\/p>\n","protected":false},"author":1,"featured_media":0,"parent":0,"menu_order":0,"comment_status":"closed","ping_status":"closed","template":"","meta":{"_acf_changed":false,"site-sidebar-layout":"no-sidebar","site-content-layout":"plain-container","ast-site-content-layout":"","site-content-style":"default","site-sidebar-style":"default","ast-global-header-display":"","ast-banner-title-visibility":"","ast-main-header-display":"","ast-hfb-above-header-display":"","ast-hfb-below-header-display":"","ast-hfb-mobile-header-display":"","site-post-title":"disabled","ast-breadcrumbs-content":"","ast-featured-img":"disabled","footer-sml-layout":"","theme-transparent-header-meta":"","adv-header-id-meta":"","stick-header-meta":"","header-above-stick-meta":"","header-main-stick-meta":"","header-below-stick-meta":"","astra-migrate-meta-layouts":"default","ast-page-background-enabled":"default","ast-page-background-meta":{"desktop":{"background-color":"var(--ast-global-color-5)","background-image":"","background-repeat":"repeat","background-position":"center center","background-size":"auto","background-attachment":"scroll","background-type":"","background-media":"","overlay-type":"","overlay-color":"","overlay-opacity":"","overlay-gradient":""},"tablet":{"background-color":"","background-image":"","background-repeat":"repeat","background-position":"center center","background-size":"auto","background-attachment":"scroll","background-type":"","background-media":"","overlay-type":"","overlay-color":"","overlay-opacity":"","overlay-gradient":""},"mobile":{"background-color":"","background-image":"","background-repeat":"repeat","background-position":"center center","background-size":"auto","background-attachment":"scroll","background-type":"","background-media":"","overlay-type":"","overlay-color":"","overlay-opacity":"","overlay-gradient":""}},"ast-content-background-meta":{"desktop":{"background-color":"var(--ast-global-color-4)","background-image":"","background-repeat":"repeat","background-position":"center center","background-size":"auto","background-attachment":"scroll","background-type":"","background-media":"","overlay-type":"","overlay-color":"","overlay-opacity":"","overlay-gradient":""},"tablet":{"background-color":"var(--ast-global-color-4)","background-image":"","background-repeat":"repeat","background-position":"center center","background-size":"auto","background-attachment":"scroll","background-type":"","background-media":"","overlay-type":"","overlay-color":"","overlay-opacity":"","overlay-gradient":""},"mobile":{"background-color":"var(--ast-global-color-4)","background-image":"","background-repeat":"repeat","background-position":"center center","background-size":"auto","background-attachment":"scroll","background-type":"","background-media":"","overlay-type":"","overlay-color":"","overlay-opacity":"","overlay-gradient":""}},"footnotes":""},"class_list":["post-1177","page","type-page","status-publish","hentry"],"acf":[],"_links":{"self":[{"href":"https:\/\/www.naschomutov.cz\/naschomutov\/wp-json\/wp\/v2\/pages\/1177","targetHints":{"allow":["GET"]}}],"collection":[{"href":"https:\/\/www.naschomutov.cz\/naschomutov\/wp-json\/wp\/v2\/pages"}],"about":[{"href":"https:\/\/www.naschomutov.cz\/naschomutov\/wp-json\/wp\/v2\/types\/page"}],"author":[{"embeddable":true,"href":"https:\/\/www.naschomutov.cz\/naschomutov\/wp-json\/wp\/v2\/users\/1"}],"replies":[{"embeddable":true,"href":"https:\/\/www.naschomutov.cz\/naschomutov\/wp-json\/wp\/v2\/comments?post=1177"}],"version-history":[{"count":69,"href":"https:\/\/www.naschomutov.cz\/naschomutov\/wp-json\/wp\/v2\/pages\/1177\/revisions"}],"predecessor-version":[{"id":4763,"href":"https:\/\/www.naschomutov.cz\/naschomutov\/wp-json\/wp\/v2\/pages\/1177\/revisions\/4763"}],"wp:attachment":[{"href":"https:\/\/www.naschomutov.cz\/naschomutov\/wp-json\/wp\/v2\/media?parent=1177"}],"curies":[{"name":"wp","href":"https:\/\/api.w.org\/{rel}","templated":true}]}}